f d and n.
7
Suppose -3*n = 2*o - 13, 47 = 7*o - 3*o - n. Let c = -26 - -48. Calculate the highest common factor of o and c.
11
Let v be 27/(-6)*8/(-6). Suppose -p = v - 31. What is the greatest common divisor of p and 5?
5
Let j = 31 + -11. Suppose 5*r = 5*q + 100, -3*q + 55 = 4*r - 2*q. Let n = r + j. Calculate the highest common divisor of 7 and n.
7
Let i(y) = -6*y. Let j be i(-7). Suppose 4*q = o - 6, 2*q = -3*o - 3*q + 52. Calculate the greatest common factor of o and j.
14
Let t(p) be the first derivative of p**2/2 + 14*p - 1. Let o be t(0). Suppose 2*x - o = -3*d, 0 = x - d - 5 + 3. What is the greatest common factor of 32 and x?
4
Suppose 5*w - 2*d = 25, -d = -0*w + w + 2. Let a(l) = l - 7. Let q be a(4). Let o be q - -4 - (-22)/2. What is the greatest common divisor of o and w?
3
Let h be ((-2)/1 - -1)*3*-3. What is the highest common factor of 171 and h?
9
Let d be -2 - (-30 + 4/(-2)). Let n = -6 - -4. Let j be 2 + 0 - 16/n. What is the highest common factor of j and d?
10
Suppose -1 = -k - 2*r + 53, -3*r + 57 = k. Suppose 0 = 4*q - 4, 0 = 2*v + 2*q - 61 - 5. What is the highest common divisor of k and v?
16
Let a = -2 + 20. Let x be 54/(-5) + 3/(-15). Let y = a + x. What is the highest common divisor of 63 and y?
7
Let m = -95 - -172. Suppose -28 = 13*x - 17*x. Calculate the highest common divisor of m and x.
7
Suppose -12 = 2*r - 5*r. Let n(x) = 12*x**3 + x**2 + 2*x - 2. Let c be n(1). Suppose c = z + 3. Calculate the greatest common factor of r and z.
2
Let a = 55 - 28. What is the highest common factor of a and 81?
27
Let g be (-9)/(-4)*(0 - 4)*-6. Suppose 8 + 22 = 5*l. Calculate the greatest common divisor of g and l.
6
Let b = 53 - 31. Let h = 16 - b. Let s be (-8)/h*330/4. What is the highest common factor of s and 11?
11
Let h be 20 + -7 + 1*3. Let o be (-4)/h*0 - -65. Calculate the highest common factor of o and 13.
13
Let q(s) = s**2 - 5*s + 3. Let r be q(2). Let d(m) = -26*m - 3. Let k be d(r). Let n be k/6*(-32)/(-10). What is the greatest common divisor of 5 and n?
5
Let o = -5 - -10. Let t(s) = 55*s. Let y be (2/6)/((-6)/(-18)). Let h be t(y). What is the greatest common divisor of o and h?
5
Let d(v) = v**3 - 3*v**2 - 4*v + 4. Let b be d(4). Suppose 2*r - 3*r - 2*h = -56, -h = -b*r + 269. What is the highest common divisor of r and 6?
6
Suppose -5*q + 17 = -8. What is the greatest common factor of 5 and q?
5
Let w = -2 - -5. Suppose -3*a = p - 36, 2*a = -w*p + a + 108. Suppose -5*j = 5*y - 115, 2 = -2*j - 0. What is the highest common factor of y and p?
12
Suppose -3*w = 3 - 36. Let u(g) be the first derivative of 6*g**2 - 4*g + 1. Let x be u(w). What is the greatest common divisor of 16 and x?
16
Let s be (-1)/(-1) + (-70)/(-10). What is the highest common divisor of 32 and s?
8
Let z(t) = t**2 - 3*t - 6. Let h be z(7). Calculate the highest common factor of 11 and h.
11
Let y be 10 - 2/4*-2. Suppose -3*a + 2*d + 2 = -0*d, -2*a - 7 = -3*d. Suppose -3*i + 103 = a. What is the greatest common divisor of y and i?
11
Let s be 1*(-2 + -2)/(-1). Suppose r = 4*c - 25, -9*c + r = -s*c - 30. Suppose -2*x - 36 = -c*x. What is the greatest common divisor of x and 96?
12
Let q(v) = 8*v**2 + 8*v - 3. Let h be q(6). Let b = 469 - h. Let a(l) = 19*l**2 + 4*l + 2. Let r be a(-1). Calculate the highest common factor of r and b.
17
Suppose -i + 27 = i + 5*j, 4*i + 5*j - 49 = 0. Suppose -w + 5*l + 44 = 0, -5*w - 3*l + 60 = -160. Calculate the highest common factor of i and w.
11
Let m(h) = h**3 + 6*h**2 + 2*h + 4. Let j be m(-4). What is the greatest common factor of 4 and j?
4
Let q(t) be the second derivative of -t + 0*t**2 + 0 - 9/2*t**3. Let z be q(-4). What is the highest common factor of 12 and z?
12
Suppose -5*w - 28 = -348. Suppose 5*n - w = 3*i, -6*n + i = -2*n - 54. What is the highest common divisor of 42 and n?
14
Let o(w) = -4*w - 2 - 1 + 23*w. Let g be o(2). Suppose -14 = -3*t + t. What is the highest common factor of t and g?
7
Let w = 4 - -51. Let n(t) = 3*t - 1. Let f be n(4). What is the greatest common divisor of f and w?
11
Suppose -4*g + 57 = -47. Calculate the greatest common factor of 286 and g.
26
Suppose 378 = k + 6*k. What is the highest common factor of 6 and k?
6
Let w(i) = i**3 + i**2 + 2*i + 1. Let r be w(-1). Let l be 25 - (1 + r + 1). Suppose -4*b + l = -b. Calculate the highest common factor of b and 32.
8
Let v(q) = q**3 + 3*q**2 - 2*q. Let a be v(-3). Let n be 24/(-2)*a/(-18). Let g be 4/(8/6)*n. What is the greatest common divisor of 132 and g?
12
Let q(r) = 2*r**3 - r**2 + 2*r - 1. Let m be q(1). What is the greatest common factor of m and 6?
2
Let q(z) = -2 + 4*z + 11 + 9*z**2 - z**3 + 0*z**3. Let y be ((-1)/(-1))/((-2)/(-14)). Let n be q(y). What is the greatest common divisor of n and 15?
15
Let i = 4 + 7. Suppose 2*g = 2*q + 120, -5*g = 3*q + 2*q - 250. Calculate the greatest common factor of i and g.
11
Let a be (154/4)/((-2)/(-4)). Suppose 0 = -10*l + 4*l + 42. What is the highest common factor of l and a?
7
Suppose 0 = -3*y + 12, -4*x = -2*y - 3*y - 112. What is the highest common factor of x and 3?
3
Let b = -60 + 102. What is the greatest common divisor of b and 6?
6
Let j(o) = 21*o - 1. Let p be j(1). Let y(u) = u**3 + u**2 + u + 1. Let v be y(3). What is the greatest common divisor of v and p?
20
Let g = 5 - 3. Suppose -2*y - 5*k - 50 = -7*y, 30 = g*y + 3*k. Calculate the greatest common factor of 48 and y.
12
Let c(b) = -b**2 - 12*b - 10. Let n be c(-11). Let g be (3/(3/5))/n. Calculate the greatest common divisor of 2 and g.
1
Let a(i) be the first derivative of -5*i**2/2 + 5*i + 3. Let m be a(-8). Calculate the greatest common divisor of m and 5.
5
Let f = 70 - 43. Calculate the highest common divisor of 3 and f.
3
Let p(u) = 45*u + 8. Let a(z) = -89*z - 15. Let h(x) = 6*a(x) + 11*p(x). Let k = -13 - -10. Let f be h(k). Calculate the highest common divisor of 23 and f.
23
Let y be (0 + -2 + 1)*-17. What is the highest common factor of y and 119?
17
Let s be 3/1 + -1 - (-19 + 7). Let z(u) = u**2 + 6*u + 1. Let n be z(5). Calculate the greatest common factor of n and s.
14
Let m be (6 - 19/3) + 1730/6. What is the greatest common factor of 32 and m?
32
Let g(i) = -i**2 - 18*i - 21. Let o be g(-17). Let s = o + 16. Calculate the greatest common divisor of s and 84.
12
Suppose 2*r + 3*j - 5*j - 16 = 0, 1 = -r + 4*j. Suppose b = -4*g + 50, 5*g = 14 + r. Calculate the greatest common factor of 75 and b.
15
Let l = -2 - -7. Suppose -12 = -l*f - r + 5, 2*f + 4*r - 14 = 0. Suppose 3*p - 6 = f, 30 = 3*o + 5*p. What is the highest common factor of 5 and o?
5
Let n(a) = -a**3 + 5*a**2 + 6*a + 7. Let q be (-12)/36 - 38/(-6). Let o be n(q). Calculate the highest common divisor of 77 and o.
7
Suppose 5*u + m = 4*m + 40, 4*m + 40 = 4*u. What is the highest common divisor of 10 and u?
5
Let o(q) = -7*q + 14. Let p(l) = 15*l - 29. Let u(r) = 13*o(r) + 6*p(r). Let h be u(-6). Calculate the highest common factor of 14 and h.
14
Let o be (9/6)/((-5)/610). Let u be 22/3 + 1/(-3). Let p be o/(-21) + 2/u. What is the highest common divisor of p and 36?
9
Let o(i) = -i + 6. Let g be o(-4). What is the highest common factor of g and 25?
5
Let j be 0 - (-2 - (-8)/(-2)). What is the greatest common factor of 48 and j?
6
Let j(z) = -z**2 + z + 33. Let c be j(0). What is the greatest common divisor of c and 55?
11
Suppose -4*m + 149 + 113 = -5*x, 5*m - 307 = -4*x. Suppose 9 = -l + m. Let c = -22 - -58. What is the greatest common divisor of l and c?
18
Let h be 8/(-12) + (-22)/(-6). Suppose h*i = -i + 132. Suppose 2*y = 5*y - 33. Calculate the highest common factor of y and i.
11
Let f(t) = -t + 10. Let m be f(8). Suppose -m*v + 5*c + 8 = -22, -5*v = -5*c - 45. What is the greatest common divisor of 15 and v?
5
Suppose 2*g = 10 - 0. Let a be g*(66/15 - 2). Calculate the highest common divisor of a and 12.
12
Let a = 280 - 80. Calculate the greatest common divisor of 8 and a.
8
Suppose 3*o - 5*p - 57 = 0, 102 = o + 3*o + 2*p. What is the greatest common divisor of 24 and o?
24
Let n = 5 - 3. Suppose h = -n*h + 21. Calculate the highest common divisor of 14 and h.
7
Let r be 6 + (2 - (4 + -3)). Suppose -3*b - 2*b - 350 = 3*n, 122 = -n + b. Let v = -71 - n. What is the greatest common factor of r and v?
7
Let d(g